{"id":2,"date":"2018-03-15T18:12:23","date_gmt":"2018-03-15T18:12:23","guid":{"rendered":"http:\/\/nutricampo.com.bo\/?page_id=2"},"modified":"2024-01-04T14:29:20","modified_gmt":"2024-01-04T18:29:20","slug":"sample-page","status":"publish","type":"page","link":"https:\/\/www.nutricampo.com.bo\/","title":{"rendered":"Front Page"},"content":{"rendered":"<p>[et_pb_section bb_built=\u00bb1&#8243; fullwidth=\u00bbon\u00bb specialty=\u00bboff\u00bb next_background_color=\u00bb#000000&#8243; _builder_version=\u00bb3.0.106&#8243; module_id=\u00bbhome\u00bb][et_pb_fullwidth_header _builder_version=\u00bb3.0.106&#8243; header_scroll_down=\u00bboff\u00bb header_fullscreen=\u00bbon\u00bb image_orientation=\u00bbcenter\u00bb background_layout=\u00bbdark\u00bb content_orientation=\u00bbcenter\u00bb custom_button_one=\u00bbon\u00bb button_one_icon_placement=\u00bbright\u00bb custom_button_two=\u00bboff\u00bb button_two_icon_placement=\u00bbright\u00bb background_image=\u00bbhttp:\/\/nutricampo.com.bo\/wp-content\/uploads\/2018\/06\/hero.jpg\u00bb button_one_url=\u00bb#\u00bb title=\u00bbQuienes somos en Nutricampo?\u00bb button_one_text=\u00bbRead More\u00bb background_overlay_color=\u00bbrgba(0,0,0,0.58)\u00bb text_orientation=\u00bbleft\u00bb content_font_size=\u00bb24px\u00bb button_one_use_icon=\u00bboff\u00bb title_font_size=\u00bb48px\u00bb content_line_height=\u00bb1.5em\u00bb button_one_text_size=\u00bb14&#8243; button_one_text_color=\u00bb#ffffff\u00bb button_one_bg_color=\u00bb#a0cc43&#8243; button_one_border_width=\u00bb0&#8243; parallax=\u00bbon\u00bb]<\/p>\n<p>&#8230;. sus socios estrategicos para maximizar el beneficio de sus tierras&#8230;<\/p>\n<p>[\/et_pb_fullwidth_header][\/et_pb_section][et_pb_section bb_built=\u00bb1&#8243; next_background_color=\u00bb#000000&#8243; prev_background_color=\u00bb#000000&#8243; _builder_version=\u00bb3.0.106&#8243; module_id=\u00bbcompany-profile\u00bb][et_pb_row][et_pb_column type=\u00bb4_4&#8243;][et_pb_text _builder_version=\u00bb3.0.106&#8243; background_layout=\u00bblight\u00bb text_orientation=\u00bbcenter\u00bb header_text_align=\u00bbcenter\u00bb header_font_size=\u00bb48px\u00bb text_font=\u00bb|700|||||||\u00bb text_font_size=\u00bb36px\u00bb header_font=\u00bb|700|||||||\u00bb module_class=\u00bbtitle-text\u00bb]<\/p>\n<h3>Nuestra empresa<\/h3>\n<p>[\/et_pb_text][et_pb_text _builder_version=\u00bb3.0.106&#8243; background_layout=\u00bblight\u00bb text_orientation=\u00bbcenter\u00bb]<\/p>\n<p><img loading=\"lazy\" decoding=\"async\" class=\"alignleft size-medium wp-image-141\" src=\"http:\/\/nutricampo.com.bo\/wp-content\/uploads\/2018\/06\/foto-para-web-1-300x225.jpg\" alt=\"\" width=\"300\" height=\"225\" srcset=\"https:\/\/www.nutricampo.com.bo\/wp-content\/uploads\/2018\/06\/foto-para-web-1-300x225.jpg 300w, https:\/\/www.nutricampo.com.bo\/wp-content\/uploads\/2018\/06\/foto-para-web-1-768x576.jpg 768w, https:\/\/www.nutricampo.com.bo\/wp-content\/uploads\/2018\/06\/foto-para-web-1-510x382.jpg 510w, https:\/\/www.nutricampo.com.bo\/wp-content\/uploads\/2018\/06\/foto-para-web-1.jpg 1000w\" sizes=\"auto, (max-width: 300px) 100vw, 300px\" \/><strong>NUTRICAMPO<\/strong> es una empresa especializada en la fabricaci\u00f3n de fertilizantes minerales y org\u00e1nicos de primera calidad. As\u00ed mismo formula, procesa y mezcla fertilizantes qu\u00edmicos que constituyen fuentes de micro y macro nutrientes.<\/p>\n<p>La <strong>visi\u00f3n<\/strong> de la empresa es ser un aliado del productor agr\u00edcola quien necesita maximizar su eficiencia y recuperar suelos que por malas pr\u00e1cticas agr\u00edcolas o el uso constante, han sufrido da\u00f1os y han reducido su fertilidad<\/p>\n<p>La <strong>misi\u00f3n<\/strong> de nuestra empresa es la de satisfacer la las necesidades del productor agr\u00edcola en cuanto a la eficiencia y conservaci\u00f3n de sus suelos, lograr que el productor maximice su productividad e incremente por ende sus ganancias sin maltratar sus suelos sino mas bien remediar el desgaste que sufre con el uso agr\u00edcola<\/p>\n<p>Nuestra empresa ofrece diversas alternativas para las diferentes situaciones que se le puedan presentar al agricultor, contamos con una amplia gama de productos en diferentes presentaciones para satisfacer las necesidades del cliente, adem\u00e1s prestamos el servicio de Asistencia T\u00e9cnica en fertilizaci\u00f3n y Laboratorio de suelos para realizar an\u00e1lisis que puedan establecer en que estado se encuentra su suelo y la manera de remediarlo o mejorarlo<\/p>\n<p>[\/et_pb_text][\/et_pb_column][\/et_pb_row][\/et_pb_section][et_pb_section bb_built=\u00bb1&#8243; next_background_color=\u00bb#000000&#8243; prev_background_color=\u00bb#000000&#8243; _builder_version=\u00bb3.0.106&#8243; module_id=\u00bbproducts\u00bb custom_margin=\u00bb||0px|\u00bb custom_padding=\u00bb||0px|\u00bb][et_pb_row][et_pb_column type=\u00bb4_4&#8243;][et_pb_text _builder_version=\u00bb3.0.106&#8243; background_layout=\u00bblight\u00bb text_orientation=\u00bbcenter\u00bb header_text_align=\u00bbcenter\u00bb header_font_size=\u00bb48px\u00bb text_font=\u00bb|700|||||||\u00bb text_font_size=\u00bb36px\u00bb header_font=\u00bb|700|||||||\u00bb module_class=\u00bbtitle-text\u00bb]<\/p>\n<h3>lineas de productos<\/h3>\n<p>[\/et_pb_text][\/et_pb_column][\/et_pb_row][\/et_pb_section][et_pb_section bb_built=\u00bb1&#8243; fullwidth=\u00bboff\u00bb specialty=\u00bbon\u00bb prev_background_color=\u00bb#000000&#8243; next_background_color=\u00bb#000000&#8243; _builder_version=\u00bb3.0.106&#8243; module_class=\u00bbprodcut-section-bg-con\u00bb custom_margin=\u00bb0px|||\u00bb custom_padding=\u00bb0px|||\u00bb][et_pb_column type=\u00bb1_4&#8243;][et_pb_image _builder_version=\u00bb3.0.106&#8243; show_in_lightbox=\u00bboff\u00bb url_new_window=\u00bboff\u00bb src=\u00bbhttp:\/\/nutricampo.com.bo\/wp-content\/uploads\/2018\/06\/product-1.jpg\u00bb always_center_on_mobile=\u00bbon\u00bb use_overlay=\u00bboff\u00bb force_fullwidth=\u00bbon\u00bb show_bottom_space=\u00bbon\u00bb \/][\/et_pb_column][et_pb_column type=\u00bb3_4&#8243; specialty_columns=\u00bb3&#8243;][et_pb_row_inner admin_label=\u00bbRow\u00bb _builder_version=\u00bb3.0.106&#8243; custom_margin=\u00bb||0px|\u00bb custom_padding=\u00bb||0px|\u00bb module_class=\u00bbproduct-gap-con\u00bb][et_pb_column_inner type=\u00bb4_4&#8243; saved_specialty_column_type=\u00bb3_4&#8243;][\/et_pb_column_inner][\/et_pb_row_inner][et_pb_row_inner admin_label=\u00bbRow\u00bb _builder_version=\u00bb3.0.106&#8243; custom_margin=\u00bb||0px|\u00bb custom_padding=\u00bb||0px|\u00bb][et_pb_column_inner type=\u00bb1_2&#8243; saved_specialty_column_type=\u00bb3_4&#8243;][et_pb_image _builder_version=\u00bb3.0.106&#8243; show_in_lightbox=\u00bboff\u00bb url_new_window=\u00bbon\u00bb src=\u00bbhttp:\/\/nutricampo.com.bo\/wp-content\/uploads\/2018\/06\/logo-ecofos.jpg\u00bb align=\u00bbcenter\u00bb always_center_on_mobile=\u00bbon\u00bb use_overlay=\u00bboff\u00bb force_fullwidth=\u00bboff\u00bb show_bottom_space=\u00bbon\u00bb url=\u00bbhttp:\/\/nutricampo.com.bo\/wp-content\/uploads\/2018\/06\/Ficha-Tecnica-ECOFOS-NS-1.pdf\u00bb \/][\/et_pb_column_inner][et_pb_column_inner type=\u00bb1_2&#8243; saved_specialty_column_type=\u00bb3_4&#8243;][et_pb_image _builder_version=\u00bb3.0.106&#8243; show_in_lightbox=\u00bboff\u00bb url_new_window=\u00bbon\u00bb src=\u00bbhttp:\/\/nutricampo.com.bo\/wp-content\/uploads\/2018\/06\/logo-boragro.jpg\u00bb align=\u00bbcenter\u00bb always_center_on_mobile=\u00bbon\u00bb use_overlay=\u00bboff\u00bb force_fullwidth=\u00bboff\u00bb show_bottom_space=\u00bbon\u00bb url=\u00bbhttp:\/\/nutricampo.com.bo\/wp-content\/uploads\/2018\/06\/Boragro-10.pdf\u00bb \/][\/et_pb_column_inner][\/et_pb_row_inner][et_pb_row_inner admin_label=\u00bbRow\u00bb _builder_version=\u00bb3.0.106&#8243; custom_margin=\u00bb0px|||\u00bb custom_padding=\u00bb0px|||\u00bb][et_pb_column_inner type=\u00bb1_2&#8243; saved_specialty_column_type=\u00bb3_4&#8243;][et_pb_image _builder_version=\u00bb3.0.106&#8243; show_in_lightbox=\u00bboff\u00bb url_new_window=\u00bbon\u00bb src=\u00bbhttp:\/\/nutricampo.com.bo\/wp-content\/uploads\/2018\/06\/logo-correktor.jpg\u00bb align=\u00bbcenter\u00bb always_center_on_mobile=\u00bbon\u00bb use_overlay=\u00bboff\u00bb force_fullwidth=\u00bboff\u00bb show_bottom_space=\u00bbon\u00bb url=\u00bbhttp:\/\/nutricampo.com.bo\/wp-content\/uploads\/2018\/06\/Corrector-de-suelos.pdf\u00bb \/][\/et_pb_column_inner][et_pb_column_inner type=\u00bb1_2&#8243; saved_specialty_column_type=\u00bb3_4&#8243;][et_pb_image _builder_version=\u00bb3.0.106&#8243; show_in_lightbox=\u00bboff\u00bb url_new_window=\u00bboff\u00bb src=\u00bbhttp:\/\/nutricampo.com.bo\/wp-content\/uploads\/2018\/06\/logo-microminpack.png\u00bb align=\u00bbcenter\u00bb always_center_on_mobile=\u00bbon\u00bb use_overlay=\u00bboff\u00bb force_fullwidth=\u00bboff\u00bb show_bottom_space=\u00bbon\u00bb \/][\/et_pb_column_inner][\/et_pb_row_inner][\/et_pb_column][\/et_pb_section][et_pb_section bb_built=\u00bb1&#8243; next_background_color=\u00bbrgba(0,0,0,0.83)\u00bb prev_background_color=\u00bb#000000&#8243; _builder_version=\u00bb3.0.106&#8243; module_id=\u00bbour-works\u00bb][et_pb_row][et_pb_column type=\u00bb4_4&#8243;][et_pb_text _builder_version=\u00bb3.0.106&#8243; background_layout=\u00bblight\u00bb text_orientation=\u00bbcenter\u00bb header_text_align=\u00bbcenter\u00bb header_font_size=\u00bb48px\u00bb text_font=\u00bb|700|||||||\u00bb text_font_size=\u00bb36px\u00bb header_font=\u00bb|700|||||||\u00bb module_class=\u00bbtitle-text\u00bb]<\/p>\n<h3>nuestro trabajo<\/h3>\n<p>[\/et_pb_text][\/et_pb_column][\/et_pb_row][et_pb_row][et_pb_column type=\u00bb1_2&#8243;][et_pb_image _builder_version=\u00bb3.0.106&#8243; show_in_lightbox=\u00bboff\u00bb url_new_window=\u00bboff\u00bb src=\u00bbhttp:\/\/nutricampo.com.bo\/wp-content\/uploads\/2018\/06\/foto-para-web-4.jpg\u00bb always_center_on_mobile=\u00bbon\u00bb use_overlay=\u00bboff\u00bb force_fullwidth=\u00bboff\u00bb show_bottom_space=\u00bbon\u00bb \/][\/et_pb_column][et_pb_column type=\u00bb1_2&#8243;][et_pb_text _builder_version=\u00bb3.0.106&#8243; background_layout=\u00bblight\u00bb]<\/p>\n<p>La empresa inicia sus estudios, pruebas industriales y pruebas de campo a fines del 2011. Se realizaron varios estudios de rendimiento y desempe\u00f1o de micro y macro nutrientes. Todo este trabajo de campo era minuciosamente respaldado por estudios de laboratorio contratados a nivel local e internacional.<\/p>\n<p>Las pruebas de campo se realizaron de la mano de grandes empresas agropecuarias l\u00edderes en el mercado, donde se pudieron realizar ensayos a gran escala para validar el desempe\u00f1o te\u00f3rico de algunos componentes.<\/p>\n<p>Actualmente la empresa trabaja con productos para los principales cereales cultivados en el pa\u00eds asi como para frutas, cana az\u00facar y algunas variedades de hortalizas.<\/p>\n<p>La empresa cuenta con las oficinas centrales en la ciudad de Santa Cruz y su planta de producci\u00f3n se encuentra en el Km 23 carretera al norte.<\/p>\n<p>Todos los productos elaborados por NUTRICAMPO son 100% efectivos, pues han sido puestos a prueba durante varios a\u00f1os y no solo por nosotros, si no tambi\u00e9n por empresas e instituciones que avalan la efectividad de dichos productos.<\/p>\n<p>[\/et_pb_text][\/et_pb_column][\/et_pb_row][\/et_pb_section][et_pb_section bb_built=\u00bb1&#8243; prev_background_color=\u00bb#ffffff\u00bb _builder_version=\u00bb3.0.106&#8243; background_color=\u00bbrgba(0,0,0,0.83)\u00bb next_background_color=\u00bb#ffffff\u00bb module_id=\u00bbcontact-information\u00bb][et_pb_row][et_pb_column type=\u00bb4_4&#8243;][et_pb_text _builder_version=\u00bb3.0.106&#8243; background_layout=\u00bbdark\u00bb text_orientation=\u00bbcenter\u00bb module_class=\u00bbtitle-text\u00bb]<\/p>\n<h3>informacion de contacto<\/h3>\n<p>[\/et_pb_text][\/et_pb_column][\/et_pb_row][et_pb_row][et_pb_column type=\u00bb1_2&#8243;][et_pb_code _builder_version=\u00bb3.0.106&#8243;]&lt;iframe src=\u00bbhttps:\/\/www.google.com\/maps\/embed?pb=!1m14!1m8!1m3!1d15196.604007865273!2d-63.151756!3d-17.784599!3m2!1i1024!2i768!4f13.1!3m3!1m2!1s0x0%3A0xcb1980c61b635346!2sCedrovet+Srl.!5e0!3m2!1sen!2sbd!4v1530032767809&#8243; width=\u00bb100%\u00bb height=\u00bb520&#8243; frameborder=\u00bb0&#8243; style=\u00bbborder:0&#8243; allowfullscreen&gt;&lt;\/iframe&gt;[\/et_pb_code][\/et_pb_column][et_pb_column type=\u00bb1_2&#8243;][et_pb_text _builder_version=\u00bb3.0.106&#8243; background_layout=\u00bbdark\u00bb]<\/p>\n<p><strong>Address:<\/strong><br \/>\nAvenida Brasil pasando una cuadra el tercer anillo, Calle Angel Chavez Ruiz 3055.<\/p>\n<p><strong>Telephone:<\/strong> 3645151<\/p>\n<p>Santa Cruz de la Sierra Bolivia<\/p>\n<p>[\/et_pb_text][et_pb_code _builder_version=\u00bb3.0.106&#8243; text_orientation=\u00bbleft\u00bb custom_css_main_element=\u00bbcolor: #fff;\u00bb]&lt;a href=\u00bbhttps:\/\/api.whatsapp.com\/send?phone=74163376&#8243;&gt;&lt;strong&gt;WhatsApp&lt;\/strong&gt; &lt;i class=\u00bbfa fa-whatsapp\u00bb aria-hidden=\u00bbtrue\u00bb&gt;&lt;\/i&gt;&lt;\/a&gt;[\/et_pb_code][et_pb_code _builder_version=\u00bb3.0.106&#8243; text_orientation=\u00bbleft\u00bb custom_css_main_element=\u00bbcolor: #fff;\u00bb]&lt;strong&gt;Email&lt;\/strong&gt;: &lt;a href=\u00bbmailto:nutricampo@nutricampo.com.bo\u00bb&gt;nutricampo@nutricampo.com.bo&lt;\/a&gt;[\/et_pb_code][\/et_pb_column][\/et_pb_row][\/et_pb_section][et_pb_section bb_built=\u00bb1&#8243; prev_background_color=\u00bbrgba(0,0,0,0.83)\u00bb next_background_color=\u00bb#333333&#8243; _builder_version=\u00bb3.0.106&#8243; module_id=\u00bbrelated-links\u00bb][et_pb_row][et_pb_column type=\u00bb4_4&#8243;][et_pb_text _builder_version=\u00bb3.0.106&#8243; background_layout=\u00bblight\u00bb text_orientation=\u00bbcenter\u00bb module_class=\u00bbtitle-text\u00bb]<\/p>\n<h3>links relacionados<\/h3>\n<p>[\/et_pb_text][\/et_pb_column][\/et_pb_row][et_pb_row][et_pb_column type=\u00bb1_4&#8243;][\/et_pb_column][et_pb_column type=\u00bb1_4&#8243;][et_pb_text _builder_version=\u00bb3.0.106&#8243; background_layout=\u00bblight\u00bb]<\/p>\n<ul>\n<li><a href=\"http:\/\/anapobolivia.org\" target=\"_blank\" rel=\"noopener\">www.anapobolivia.org<\/a><\/li>\n<li><a href=\"http:\/\/cainco.org\" target=\"_blank\" rel=\"noopener\">www.cainco.org<\/a><\/li>\n<\/ul>\n<p>[\/et_pb_text][\/et_pb_column][et_pb_column type=\u00bb1_4&#8243;][et_pb_text _builder_version=\u00bb3.0.106&#8243; background_layout=\u00bblight\u00bb]<\/p>\n<ul>\n<li><a href=\"http:\/\/fexpocruz.com.bo\" target=\"_blank\" rel=\"noopener\">www.fexpocruz.com.bo<\/a><\/li>\n<li><a href=\"http:\/\/apia-bolivia.org\" target=\"_blank\" rel=\"noopener\">www.apia-bolivia.org<\/a><\/li>\n<\/ul>\n<p>[\/et_pb_text][\/et_pb_column][et_pb_column type=\u00bb1_4&#8243;][\/et_pb_column][\/et_pb_row][\/et_pb_section][et_pb_section bb_built=\u00bb1&#8243; prev_background_color=\u00bb#ffffff\u00bb _builder_version=\u00bb3.0.106&#8243; next_background_color=\u00bb#ffffff\u00bb parallax=\u00bbon\u00bb parallax_method=\u00bboff\u00bb background_color=\u00bb#333333&#8243;][et_pb_row][et_pb_column type=\u00bb4_4&#8243;][et_pb_code _builder_version=\u00bb3.0.106&#8243; custom_css_main_element=\u00bbcolor: #fff;\u00bb]<div id=\"wpc-weather-id-105\" class=\"wpc-weather-id\" data-id=\"105\" data-post-id=\"2\" data-map=\"\" data-detect-geolocation=\"\" data-manual-geolocation=\"\" data-wpc-lat=\"\" data-wpc-lon=\"\" data-wpc-city-id=\"\" data-wpc-city-name=\"\" data-custom-font=\"\"><\/div>[\/et_pb_code][\/et_pb_column][\/et_pb_row][\/et_pb_section][et_pb_section bb_built=\u00bb1&#8243; fullwidth=\u00bboff\u00bb specialty=\u00bboff\u00bb prev_background_color=\u00bb#333333&#8243; _builder_version=\u00bb3.0.106&#8243; module_id=\u00bbblog\u00bb][et_pb_row][et_pb_column type=\u00bb4_4&#8243;][et_pb_text _builder_version=\u00bb3.0.106&#8243; background_layout=\u00bblight\u00bb text_orientation=\u00bbcenter\u00bb module_class=\u00bbtitle-text\u00bb]<\/p>\n<h3>ARTICULOS TECNICOS<\/h3>\n<p>[\/et_pb_text][\/et_pb_column][\/et_pb_row][et_pb_row][et_pb_column type=\u00bb1_2&#8243;][et_pb_text _builder_version=\u00bb3.0.106&#8243; background_layout=\u00bblight\u00bb]<\/p>\n<ul>\n<li><a href=\"http:\/\/www.fao.org\/3\/a-x4781s.pdf\" target=\"_blank\" rel=\"noopener\">Los fertilizantes y su uso<\/a><\/li>\n<li><a href=\"https:\/\/www.engormix.com\/ganaderia-carne\/articulos\/clima-calido-efecto-densidad-t42002.htm\" target=\"_blank\" rel=\"noopener\">Efecto en la densidad de vientres en la acumulacion de nitrogeno<\/a><\/li>\n<\/ul>\n<p>[\/et_pb_text][\/et_pb_column][et_pb_column type=\u00bb1_2&#8243;][et_pb_text _builder_version=\u00bb3.0.106&#8243; background_layout=\u00bblight\u00bb]<\/p>\n<ul>\n<li><a href=\"https:\/\/elproductor.com\/articulos-tecnicos\/articulos-tecnicos-agricolas\/fertilizantes-un-insumo-que-hay-que-cuidar\/\" target=\"_blank\" rel=\"noopener\">fertilizantes, un insumo que hay que cuidar<\/a><\/li>\n<li><a href=\"http:\/\/www.fertilizando.com\/articulos\/Los%20Fertilizantes%20y%20el%20Futuro.asp\" target=\"_blank\" rel=\"noopener\">fertilizantes y el futuro<\/a><\/li>\n<li><a href=\"http:\/\/www.infoagro.com\/abonos\/ab_liber_lenta.htm\" target=\"_blank\" rel=\"noopener\">FERTILIZANTES NITROGENADOS DE LIBERACI\u00d3N LENTA.<\/a><\/li>\n<\/ul>\n<p>[\/et_pb_text][\/et_pb_column][\/et_pb_row][\/et_pb_section]<\/p>\n","protected":false},"excerpt":{"rendered":"<p>[et_pb_section bb_built=\u00bb1&#8243; fullwidth=\u00bbon\u00bb specialty=\u00bboff\u00bb next_background_color=\u00bb#000000&#8243; _builder_version=\u00bb3.0.106&#8243; module_id=\u00bbhome\u00bb][et_pb_fullwidth_header _builder_version=\u00bb3.0.106&#8243; header_scroll_down=\u00bboff\u00bb header_fullscreen=\u00bbon\u00bb image_orientation=\u00bbcenter\u00bb background_layout=\u00bbdark\u00bb content_orientation=\u00bbcenter\u00bb custom_button_one=\u00bbon\u00bb button_one_icon_placement=\u00bbright\u00bb custom_button_two=\u00bboff\u00bb button_two_icon_placement=\u00bbright\u00bb background_image=\u00bbhttp:\/\/nutricampo.com.bo\/wp-content\/uploads\/2018\/06\/hero.jpg\u00bb button_one_url=\u00bb#\u00bb title=\u00bbQuienes somos en Nutricampo?\u00bb button_one_text=\u00bbRead More\u00bb background_overlay_color=\u00bbrgba(0,0,0,0.58)\u00bb text_orientation=\u00bbleft\u00bb content_font_size=\u00bb24px\u00bb button_one_use_icon=\u00bboff\u00bb title_font_size=\u00bb48px\u00bb content_line_height=\u00bb1.5em\u00bb button_one_text_size=\u00bb14&#8243; button_one_text_color=\u00bb#ffffff\u00bb button_one_bg_color=\u00bb#a0cc43&#8243; button_one_border_width=\u00bb0&#8243; parallax=\u00bbon\u00bb] &#8230;. sus socios estrategicos para maximizar el beneficio de sus tierras&#8230; [\/et_pb_fullwidth_header][\/et_pb_section][et_pb_section bb_built=\u00bb1&#8243; next_background_color=\u00bb#000000&#8243; prev_background_color=\u00bb#000000&#8243; _builder_version=\u00bb3.0.106&#8243; module_id=\u00bbcompany-profile\u00bb][et_pb_row][et_pb_column type=\u00bb4_4&#8243;][et_pb_text _builder_version=\u00bb3.0.106&#8243; [&hellip;]<\/p>\n","protected":false},"author":1,"featured_media":0,"parent":0,"menu_order":0,"comment_status":"closed","ping_status":"open","template":"","meta":{"footnotes":""},"class_list":["post-2","page","type-page","status-publish","hentry"],"_links":{"self":[{"href":"https:\/\/www.nutricampo.com.bo\/index.php\/wp-json\/wp\/v2\/pages\/2","targetHints":{"allow":["GET"]}}],"collection":[{"href":"https:\/\/www.nutricampo.com.bo\/index.php\/wp-json\/wp\/v2\/pages"}],"about":[{"href":"https:\/\/www.nutricampo.com.bo\/index.php\/wp-json\/wp\/v2\/types\/page"}],"author":[{"embeddable":true,"href":"https:\/\/www.nutricampo.com.bo\/index.php\/wp-json\/wp\/v2\/users\/1"}],"replies":[{"embeddable":true,"href":"https:\/\/www.nutricampo.com.bo\/index.php\/wp-json\/wp\/v2\/comments?post=2"}],"version-history":[{"count":155,"href":"https:\/\/www.nutricampo.com.bo\/index.php\/wp-json\/wp\/v2\/pages\/2\/revisions"}],"predecessor-version":[{"id":277,"href":"https:\/\/www.nutricampo.com.bo\/index.php\/wp-json\/wp\/v2\/pages\/2\/revisions\/277"}],"wp:attachment":[{"href":"https:\/\/www.nutricampo.com.bo\/index.php\/wp-json\/wp\/v2\/media?parent=2"}],"curies":[{"name":"wp","href":"https:\/\/api.w.org\/{rel}","templated":true}]}}